e highest common factor of f and 16?
16
Let w = 53 - 36. Let j = 142 + 11. Calculate the greatest common factor of w and j.
17
Suppose 5*l - 87 = 238. What is the greatest common factor of l and 13?
13
Let p(r) = -3*r + 1. Let x = 27 + -28. Let m be p(x). What is the greatest common factor of m and 44?
4
Let f(x) = x**3 - 3*x**2 + x + 1. Let r be f(3). Suppose r*o + 20 = 4. Let z be 3/4 + (-465)/o. Calculate the highest common divisor of z and 13.
13
Suppose -4*u + 211 + 26 = -o, -o - 57 = -u. Suppose -z + u = 2*z. Calculate the highest common factor of 20 and z.
20
Let t(h) = h**3 - 6*h - 5. Let x be t(4). Calculate the highest common factor of 14 and x.
7
Suppose -2*x = 5*n + 5, 5*n - 5*x - 33 + 3 = 0. Let l(t) = -t + 9. Let r be l(0). What is the highest common divisor of n and r?
1
Suppose 0 = -j + 6*j + 5. Let y = j + 3. Suppose -2*g - 316 = -4*k, y*g - g = 4*k - 320. What is the greatest common divisor of 9 and k?
9
Let n = -10 - -22. What is the highest common divisor of 60 and n?
12
Suppose 4*w - 4 = 8, 4*w + 24 = 2*u. Let s = 3 - -9. What is the highest common divisor of s and u?
6
Let o(b) = -b**2 - 3*b + 4. Let d be o(-4). Let a be d + 2/2 - 2. Let t = 1 - a. What is the highest common divisor of 22 and t?
2
Suppose -7*r = -5*r - 16. Let h = 91 - 59. Calculate the greatest common divisor of h and r.
8
Let b be 3/(3/2) - (-79 - -7). What is the highest common factor of b and 185?
37
Suppose 0 = -2*j - 3*m + 44, -5*j + j = 3*m - 88. What is the greatest common factor of 22 and j?
22
Suppose -4*y + 31 = 11. Let q be (2 + -1)/(1/y). Let t(o) = -o**3 - 5*o**2 - 6*o - 5. Let b be t(-5). Calculate the highest common divisor of q and b.
5
Let y be 6/21 - 124/(-7). Calculate the highest common divisor of y and 9.
9
Suppose -s + 78 - 18 = 0. Calculate the greatest common divisor of 24 and s.
12
Let a(o) = 10*o**2 - 13*o - 4. Let b be a(-7). Suppose n = -0*n + 223. Suppose 5*q = b + n. What is the greatest common factor of 16 and q?
16
Suppose 3*u - 4*j = -2*u + 96, 3*u - 63 = -3*j. What is the greatest common factor of u and 8?
4
Let l(g) = -5*g - 10. Let m(z) = z + 1. Let d(p) = l(p) + 6*m(p). Let r be d(12). What is the greatest common divisor of r and 40?
8
Suppose -8*t + 3*t - 2*b + 100 = 0, -t + b = -27. Calculate the highest common factor of t and 11.
11
Let j(a) = 18*a - 4. Let d be j(3). Let i = d - 10. Let x be (-1 - -25)/(9*18/405). What is the greatest common factor of x and i?
20
Let d be (-3 + 2)*0 - -2. Suppose -33 = -4*y + 39. Calculate the greatest common divisor of d and y.
2
Let w(o) = o**2 + 9*o + 9. Let b be w(-8). Let p = 3 - b. Suppose 4*n = -3*h + p, 3*n + 0*h - 2 = -2*h. Calculate the highest common factor of n and 16.
2
Suppose 72 = -g - 62. Let n be (-9)/(-45) - g/5. Calculate the highest common factor of n and 18.
9
Let d = 8 + -6. Suppose 4*z - 6*z - 4 = -3*u, 4*u = 2*z + 4. Let t be (-4 - z) + 2 + 3. What is the greatest common divisor of d and t?
1
Let s be 4 + -2 - (-3 + 5). Suppose 0 = -q + 4 - s. What is the greatest common divisor of 20 and q?
4
Let h = -46 + 74. What is the greatest common divisor of 308 and h?
28
Let x = -22 + 28. Suppose -3*l + 96 = l. What is the greatest common factor of x and l?
6
Let n(s) = 2*s - 3. Let o be n(5). Suppose 105 = o*f - 2*f. What is the highest common factor of 42 and f?
21
Let h = -64 - -119. Suppose 5*l + 7 = -53. Let o = -7 - l. What is the highest common factor of o and h?
5
Suppose -236 = -7*i - 40. What is the greatest common factor of 70 and i?
14
Let m = 222 + -159. What is the highest common factor of 21 and m?
21
Let u = 8 + -5. Suppose -l + 24 = u*l. What is the greatest common divisor of l and 42?
6
Let a(k) = -k + 91. Let f be a(0). Let g be ((-4)/12)/(5/255). Let q be (g/17)/((-2)/26). Calculate the highest common divisor of q and f.
13
Let g be 1/2 - 98/(-4). Let v = g - -56. Suppose h + v = 4*h. What is the greatest common divisor of 18 and h?
9
Let q be -1 + ((-5)/20 - 322/(-8)). Calculate the greatest common divisor of q and 13.
13
Let w be (-448)/(-6) + 2/6. Suppose -4*h = j - 14, -2*h - 3*h = -j + 50. Calculate the highest common divisor of j and w.
15
Suppose 4*u = -2*t - 0*t + 4, 3*u = t - 27. Let z be 10/25 - (-58)/5. What is the highest common factor of z and t?
12
Let y = -87 - -263. What is the greatest common divisor of 22 and y?
22
Let a(z) = 10*z**2 - 4*z - 8. Let g be a(3). What is the greatest common factor of 42 and g?
14
Let l be 28 + (-3)/1 + 1. Let k(v) = -5 - l*v - 47*v + 4. Let w be k(-1). What is the highest common divisor of w and 18?
18
Suppose 5 + 43 = 3*p. Suppose -3*r - 2*r = l - 15, l + 1 = -r. Let q be 130/4 - 2/r. What is the greatest common factor of q and p?
16
Suppose -3*g = 4*n - n, -5*n + 12 = g. Suppose -n*d - 2*d = 0. Suppose 4*o - 144 = -d*o + 4*b, -2*o + 67 = 3*b. What is the greatest common divisor of o and 7?
7
Let r be ((-8)/6)/((-1)/(-3)). Let z(v) = -2*v. Let o be z(r). Let m be (-1 + 0)*32/(-16). Calculate the greatest common factor of m and o.
2
Let u = 87 - 59. What is the highest common divisor of u and 70?
14
Let d(f) = 5*f**2 - 4*f + 4. Let l be d(4). Calculate the highest common divisor of 17 and l.
17
Let y be -4*(-1)/((-6)/(-261)). Suppose 30 = -t + y. Let k(d) = 3*d**3 - d**2 - 2*d. Let a be k(2). Calculate the highest common divisor of a and t.
16
Let f(x) = -x**3 - 13*x**2 - 13*x - 5. Let b be f(-12). Suppose -5*h - 2*p = -113, -2*h + 8 = -5*p - 14. What is the greatest common divisor of b and h?
7
Let b(v) = 5*v + 6. Let d be b(10). Let l be ((-2)/4)/(3/(-180)). Let q = l + -16. Calculate the highest common factor of d and q.
14
Let f(o) = 2*o. Let x be f(4). Suppose 7*j = 3*j + 224. What is the highest common factor of x and j?
8
Let q be 2526/10 - 2/(-5). Calculate the greatest common factor of 23 and q.
23
Suppose 3*b = 5*g - 236, 0 = 5*g + 6*b - b - 260. Suppose -3*v - 6 = 33. Let h = -6 - v. What is the greatest common factor of h and g?
7
Let z(p) = -p**2 + p + 1. Let y be z(1). What is the greatest common factor of y and 8?
1
Suppose -2*h + 3*p - 27 = 0, h + 3*p = 4*p - 11. Let r = h - -11. Let k be 5/1 + 73 + -77. What is the highest common factor of r and k?
1
Let a = 0 - -31. Let k = a - 3. Calculate the highest common divisor of k and 4.
4
Suppose -5*p - c + 219 = 0, 2*p = 4*p + c - 87. What is the greatest common divisor of 4 and p?
4
Suppose 8*s - 3 = 5*s. Suppose 3*h + p = -s + 20, 4*h - 4*p = 20. What is the highest common factor of h and 3?
3
Suppose -18 = -3*p - 6. Let m(f) = f**2. Let k be m(-1). Let w = 3 - k. Calculate the greatest common divisor of p and w.
2
Let u be (-114)/15 - (-9)/15. Let z(b) = b**3 + 7*b**2 - 2*b - 8. Let w be z(u). Calculate the highest common divisor of w and 48.
6
Let s = -9 - -16. Let m = -5 + s. Suppose 0 = m*p - 3*d - 19, 2*p - 2*d + 4 = 4*p. Calculate the highest common factor of p and 45.
5
Suppose 10 = 5*j, -5*b - 3*j = 2*j - 210. Let l(p) = 9*p + 1. Let x be l(1). What is the highest common factor of x and b?
10
Let s be -11*(-4 - (4 + -7)). What is the greatest common divisor of s and 33?
11
Let p = 76 - 67. What is the greatest common factor of 27 and p?
9
Let k(y) = -6*y + 0*y**2 + 3 - y**2 - y. Let n be (9/(-9))/(1/7). Let j be k(n). What is the highest common factor of j and 21?
3
Suppose -2*n - 2*n + 24 = 4*w, -4*n - 2*w + 14 = 0. Let t = n - -11. Let m = -118 - -214. Calculate the greatest common divisor of m and t.
12
Let c = 31 + -11. Calculate the highest common factor of c and 5.
5
Suppose 2*o - 50 = 3*g, -6*g + 66 = 2*o - g. Calculate the highest common factor of o and 7.
7
Suppose 5*w = 5*m + 60, -w + 2*m + 2 = -5. Let o(a) = -a**2 - 4*a + 3. Let r be o(-7). Let j = r + 35. What is the highest common factor of w and j?
17
Suppose 5*f - f + 8 = 0, f = 4*i - 42. What is the greatest common factor of 4 and i?
2
Suppose -7 + 5 = g. Let w be (g - -1 - 2) + 13. Calculate the greatest common factor of 30 and w.
10
Let z = 23 + -13. Calculate the greatest common factor of z and 30.
10
Let w = -5 + 7. Suppose -5*i + 2*z + 37 = z, 3*i - w*z - 25 = 0. Let k = 43 - 15. Calculate the highest common factor of i and k.
7
Suppose 4*k - 3*d - 32 = -7*d, 4*d = -2*k + 14. Calculate the greatest common factor of k and 9.
9
Let n(b) = 47*b + 3. Let x